t common divisor of o and 216?
27
Suppose 3*x + q - 45 = 0, 4*x + q - 898 = -839. Calculate the greatest common divisor of 3122 and x.
14
Let s(q) = 8*q + 2. Let k = 88 - 84. Suppose k*x - 11 = 5. Let d be s(x). What is the highest common factor of 85 and d?
17
Let q = 5214 - 5209. Suppose i = -4*i + 185. Suppose -132 = -q*x - i. Calculate the greatest common factor of 19 and x.
19
Suppose 6*n + 74 = 7*n. Let r = -11 - n. Let b = 121 + r. Calculate the highest common divisor of 36 and b.
36
Let n = -997 - -1996. Calculate the greatest common divisor of 54 and n.
27
Let d be (4 - 14/3)*-786. Suppose -4*w = 5*y - 3470, -5*w - 199 - d = -y. Let x be y/18 + 4/18. Calculate the greatest common factor of x and 26.
13
Suppose -4*q - k = -439 - 1198, 0 = -5*q + 5*k + 2015. Let c = q + -308. What is the greatest common factor of 80 and c?
20
Suppose 5*m = 5*h - 770, 0*m - m - 151 = -4*h. Let q be (279/m)/((2/(-30))/1). What is the greatest common divisor of 351 and q?
27
Suppose 6*y + 7 = 2*o + y, 13 = 3*o - 5*y. Let g be (-1200)/(-9) + 3 - 2/o. Calculate the greatest common factor of g and 17.
17
Let t(x) be the first derivative of 6*x**2 + 28*x - 46. Let m be t(0). Calculate the highest common divisor of m and 14.
14
Let i = -171 - -163. Let v be 75/2*-4*i/40. What is the greatest common divisor of v and 75?
15
Suppose 2*d - 213 = 5*u, -4*d + 2*u + 480 = d. Let i = -31 + d. What is the greatest common divisor of i and 14?
7
Suppose 27*u = 26*u - 3, 40447 = 2*t - 5*u. Calculate the greatest common factor of t and 56.
56
Suppose -37*k + 913913 = -49049. What is the greatest common factor of 91 and k?
91
Let q = 102 + -76. Suppose 8*p + 53 + 27 = 0. Let a be p/2*(-3 + (-11)/5). Calculate the greatest common divisor of q and a.
26
Suppose -4*c = -0*j - 2*j + 6, -4*c + 71 = 5*j. Let m(g) = 10 + 0 + 1 + g - 21*g**2 + 22*g**2. Let o be m(10). What is the highest common divisor of j and o?
11
Let w be (1/(-3))/((-9)/81). Let a(k) = 4*k**2 - 2*k - 2. Let o be a(w). Let t = 477 - 470. Calculate the greatest common factor of t and o.
7
Suppose -5*d - 7 = -2*g, g - 5*d + 7*d = 26. Suppose -9 = 4*a + 7. Let m be a/5*10/(-4). Calculate the greatest common factor of g and m.
2
Let z = 565 - 560. Suppose -2*a + 0*a = 2*p - 48, 3*a - z*p - 104 = 0. Suppose 5*l + 161 = 581. Calculate the highest common factor of l and a.
28
Let t(y) = y**2 - 3*y - 8. Let b be t(5). Suppose -j + 3 = -b*z, -2 = z + z. Let d be (-200)/(-30) + (-2)/(-6). Calculate the highest common factor of j and d.
1
Let f(k) = k**2 - 26*k + 10. Let p be f(26). Suppose -v - 2 = -p. Suppose -j + 6*j = 60. What is the greatest common factor of v and j?
4
Let q(v) = 3*v - 64. Let s be q(22). Let g be (78/(-4))/((-1)/s). What is the greatest common factor of 104 and g?
13
Let v be (-7 - -6)/((-7)/1176). Calculate the greatest common divisor of v and 483.
21
Let q = 423 - 411. Suppose 3*c = -4*s + 240, -2*c + 74 = 5*s - 79. Suppose -8*y + q*y - c = 0. Calculate the highest common divisor of y and 63.
21
Let z(m) = -60*m + 2. Let i be z(-1). Suppose 0 = -3*l - 9, -2*b = -l - 0*l - 95. Let p = i - b. What is the greatest common divisor of p and 4?
4
Suppose 0 = -82*t + 6747 + 15065. Calculate the greatest common divisor of 16 and t.
2
Let f = 118 - 115. Suppose 0*y + f*y - 36 = -3*p, -5*p = 3*y - 52. Suppose p = -0*w + 4*w, -22 = -n + w. Calculate the greatest common divisor of 36 and n.
12
Let z be (38 - 62)/((-9)/12). What is the greatest common factor of 7 and z?
1
Let s = 148 - 149. Let t be 56/(1 - s) + (-32)/8. Let w = 8 - 5. What is the highest common factor of w and t?
3
Let w(z) = 2*z**2 - 34*z + 107. Let j be w(14). Let a = 107 + 54. What is the highest common divisor of j and a?
23
Let i = -39642 - -43398. Calculate the greatest common factor of i and 12.
12
Let b = 1106 - 606. Suppose 26*x = 9*x + 850. Calculate the greatest common divisor of b and x.
50
Let q be (28/21)/((-2)/(-6)). Let b be (7 - q)*2*3. Suppose -102*f = -2008 - 2582. What is the highest common factor of f and b?
9
Let g(m) = -6*m + 20. Let f be g(0). Let t be (-18)/72*(-1)/(1/f). Let w be (-44)/(-4 + 7 - t). What is the highest common divisor of 22 and w?
22
Let f(y) = -191*y**3 + 17*y + 18. Let n be f(-2). Calculate the highest common factor of n and 621.
27
Let j = -112 + 266. Suppose -20*t = -27*t + j. Calculate the greatest common factor of t and 22.
22
Let j = -27 - -38. Let d = 230 + -54. Calculate the highest common factor of d and j.
11
Suppose -3*l + 9 = 0, 0 = -4*z + 2*l + 2*l + 1396. Let n(o) = 6*o**3 + 7*o**2 - 7*o + 2. Let k be n(2). Calculate the greatest common divisor of k and z.
32
Suppose 4*i = 4*a + 696, -6*i - a + 534 = -3*i. Let m = 265 - i. Calculate the greatest common factor of m and 22.
22
Let g be 1/(-19)*-2 + (-1284)/(-76). Suppose z - 19 = -4*h, -3 = -z - 5*h + g. Calculate the highest common factor of z and 81.
3
Let h = 110 - 162. Let b = h - -28. Let y = -23 - b. What is the greatest common factor of 7 and y?
1
Let f(k) = 5*k - 6. Let l be f(1). Let a be 3/9*(-6)/l. Suppose 9 - 3 = a*p. What is the greatest common factor of 33 and p?
3
Let h(b) = -b**3 - 3*b**2 + 11*b + 20. Let f be h(-5). Suppose -11 = -2*v + 3*x, -5*x - 1 = -14*v + f*v. Calculate the greatest common divisor of 4 and v.
4
Let z(j) = -3*j + 31. Let b be z(11). Let x be (b - (2 - 3))*-3. Suppose x*g - 139 = 41. What is the greatest common factor of g and 150?
30
Suppose 0 = 184*x - 152*x - 4032. What is the highest common factor of 5094 and x?
18
Suppose -774*k - 710 = -779*k. Let q = k + -85. What is the greatest common factor of 114 and q?
57
Suppose -3*o + 6 = -6*o. Let v be (o - -3 - 1)/1. Suppose 39*b - 40*b + 32 = v. What is the greatest common factor of b and 16?
16
Let k be (-309)/6*(-2 + 0). Suppose -k = -4*d - 71. Suppose -5*c - 24 = -8*c. Calculate the greatest common divisor of d and c.
8
Let x be 5*4 - (12 + -9). Suppose x*j - 31*j + 420 = 0. What is the greatest common divisor of 45 and j?
15
Let h(i) = -102*i + 1908. Let m be h(-16). Calculate the highest common factor of m and 90.
30
Let g(k) = -7*k + 2. Suppose 0 = -17*y + 13*y + 12. Suppose -y + 19 = -4*t. Let j be g(t). Calculate the highest common divisor of 45 and j.
15
Let d(z) = 18*z**2 + 5*z + 6. Let x(c) = 4*c - 2. Let j be x(0). Let s be d(j). Let m = s + -59. Calculate the greatest common factor of 81 and m.
9
Let d = 26843 - 23279. Calculate the highest common divisor of 18 and d.
18
Suppose 96 = -2*b + 12. Let v be (-4557)/b - (-6)/4. Calculate the greatest common divisor of v and 385.
55
Let t = 100 + -132. Let q(a) = -a**3 - 31*a**2 + 30*a - 49. Let f be q(t). Suppose -2*w = -4*w + 30. What is the highest common divisor of w and f?
15
Let x(t) = -416*t - 5904. Let i be x(-16). What is the highest common factor of 2773 and i?
47
Suppose 4*q = -2*j - 278, 5*j + 267 + 488 = 2*q. Let p = -107 - j. What is the highest common divisor of 42 and p?
42
Let i = -2680 - -2725. What is the highest common divisor of 1395 and i?
45
Let g(n) be the second derivative of -n**4/12 - 7*n**3/3 - n**2 - 29*n. Let m be g(-7). Let r = 29 + m. Calculate the greatest common divisor of r and 19.
19
Suppose a = -4, 8*r - 4*a = 7*r + 1441. What is the greatest common factor of 114 and r?
57
Let l be (66/(-4))/((-175579)/5662 + 31). Calculate the highest common factor of 4023 and l.
149
Suppose b = 4 - 7. Let m be (-1)/((-1)/(10 - b)). Let n = 407 - 264. What is the greatest common factor of m and n?
13
Let k be (8 - 0)*10/4. Let f(o) = 535*o - 17. Let g be f(1). Let v = -418 + g. What is the greatest common divisor of k and v?
20
Suppose -11700 = -4*v - 2*a, 5*a + 2897 - 11672 = -3*v. What is the greatest common divisor of v and 135?
45
Let g(h) = -10 - 1 - 1 - 2*h - 5. Let p be g(-3). Let l(a) = a**3 + 12*a**2 + 6*a - 13. Let z be l(p). Calculate the highest common divisor of 56 and z.
14
Suppose -96858 = 34*a - 474258. What is the greatest common factor of 75 and a?
75
Suppose 7*i - 11*i - 3*v + 1917 = 0, 2*i + 5*v = 955. Suppose 0*p = -10*p + i. What is the highest common factor of 816 and p?
48
Let c = 591 - 1026. Let h = -227 - c. What is the greatest common divisor of h and 52?
52
Let i(w) = -2*w**2 - w + 10. Let f be 0/(9 + -5 + -1). Let s be i(f). Calculate the great